 l. What is the tens digit of h?
9
Let z = -1933 - -4413. Let f = -1485 + z. What is the tens digit of f?
9
Let o be (7 + 20/(-3))*2922. Let w = -488 + o. What is the tens digit of w?
8
Let k(t) = 106*t - 1. Suppose 4*o = y - 8, -3*o + 0*y = -3*y + 15. Let g be k(o). Let x = -21 - g. What is the tens digit of x?
8
Let z(g) = 188*g**3 - 2*g**2 + 6*g - 11. Let a be z(2). Suppose -12*k = -15*k + a. What is the hundreds digit of k?
4
Let a be (-32)/((-1)/(36/(-24))). Suppose 0 = 2*x + x + 159. Let q = a - x. What is the units digit of q?
5
Suppose 0 = 4*l + l - 10. Suppose 5 = -3*x + i, l*x - 4*i + 9 = -11. What is the tens digit of -15*(x/2 + -2)?
3
Suppose 4*h - 319 - 494 = -5*l, 153 = l - 4*h. Suppose -l = -m + 2*q + 369, 5*m - q = 2686. What is the tens digit of m?
3
Suppose -4*o = 2*z - 3*o, 0 = -z + 3*o. Suppose -2*p + 4*s + 549 + 217 = z, -s + 3 = 0. What is the tens digit of p?
8
Suppose -12286 = -2*i + 2*n, 24558 = 4*i - 322*n + 325*n. What is the thousands digit of i?
6
Suppose 0 = 2*k + 3*n - 18, 3*n - 1 = 5. Suppose v + k*b - 8*b = 158, 5*b + 312 = 2*v. What is the units digit of v?
6
Let p(i) = -i**3 + 49*i**2 + 70*i - 510. What is the ten thousands digit of p(44)?
1
What is the thousands digit of 2/24 + 19124299/1788?
0
Let v be 54/(-12)*4*(-97)/(-6). Let s = v - -426. What is the hundreds digit of s?
1
Suppose 172*w - 4672 = 171*w. What is the thousands digit of w?
4
Let b = -40 - -257. Let q(x) = 24*x + 109. Let o be q(-8). Let h = b + o. What is the hundreds digit of h?
1
Let k(v) = -2*v**2 - 78*v - 112. What is the units digit of k(-18)?
4
Let j = -36 + 38. Let u(w) = 81 - 3*w - 2*w**2 + 9*w**j - 5*w**2 - w**3 + 4*w. What is the tens digit of u(0)?
8
Let o = -10 - 0. Let h be ((-8)/(-10))/((-2)/o)*10. Suppose -h*m = -41*m + 94. What is the tens digit of m?
9
Let i(r) = 488*r**2 - r - 10. What is the units digit of i(-1)?
9
Let k = -261 + -103. What is the units digit of (2484/(-483))/(2/k)?
6
What is the thousands digit of -2 + 6 + -5912*2075/(-200)?
1
Let a = 40310 - 16890. What is the thousands digit of a?
3
Let s(o) be the second derivative of -8/5*o**5 + o**2 - 1/12*o**4 + 0 + 1/6*o**3 - 12*o. What is the units digit of s(-1)?
2
Suppose 858490 - 247474 = 14*w. What is the ten thousands digit of w?
4
Let p(m) = 17*m**2 - 17*m - 10. Suppose 0 = 3*d + 4*a + 3, -5*a = 5*d + 15 - 5. What is the units digit of p(d)?
0
Let p(t) = -t - 1. Let n be p(-1). Suppose n = -f + 5*f - v - 5313, 4*v = -4. Suppose 7*d - f = -d. What is the hundreds digit of d?
1
Let l = 117 + -99. Suppose 5*q = -7 - l. What is the tens digit of (-2)/(-2) - q/((-25)/(-910))?
8
Suppose 10*q = 5*q. Suppose 0 = -q*f + 5*f - 65. What is the units digit of ((f + -2)*1)/(3/36)?
2
Suppose 222*w - 946386 = 111*w. What is the units digit of w?
6
Suppose 4*y - 74032 = -4*w, -w - 4298 = -3*y - 22794. What is the thousands digit of w?
8
Suppose -35*a - 13*a + 1068982 = 206374. What is the thousands digit of a?
7
Suppose 2*s - 45 - 29 = 0. Suppose 0 = 88*n - 56*n + 832. Let l = s + n. What is the units digit of l?
1
Let r(m) = 4*m**3 - 3*m**2 + 49*m - 10. Let d be r(5). Suppose 0 = -15*y + d + 1500. What is the tens digit of y?
4
Suppose 0 = 23*m - 34766 - 13787. What is the hundreds digit of m?
1
Suppose -12*z + 47012 = 11*z. What is the tens digit of ((z/(-12))/7)/((-9)/324)?
7
Let q(g) = g**2 - 14*g + 45. Let j be q(11). Suppose -j*w = 15*w - 22005. What is the units digit of w?
5
Let j be 5/(6/(-7) + 1). Let k be (-30)/(-7) + (-5)/(j/2). Suppose k*z - 12 = -4, 4*a - 258 = -5*z. What is the units digit of a?
2
Let k(f) = -f**2 + 360 + 377 - 35*f - 647. What is the tens digit of k(-22)?
7
Let l = -127784 - -180509. What is the ten thousands digit of l?
5
Let q(z) = -z**3 - 5*z**2 + z + 11. Let s be q(-5). Suppose -4*w = -6*w - s. What is the tens digit of 4 - 1 - (w + 4 + -31)?
3
Let a(r) be the first derivative of 6*r**3 + 5*r**2 - 15*r + 6. What is the tens digit of a(-5)?
8
Suppose -21*u - 288 = 6. What is the tens digit of u/(-56) + (-7077)/(-12)?
9
Suppose -90*c + 1767489 = -117741. What is the units digit of c?
7
Suppose -9*t + 359 = -271. Suppose -2*y + t - 4 = 4*o, 3*y + 5*o = 95. What is the tens digit of y?
2
Suppose 2*n - 1622 = -x - 3*x, -x = 0. What is the units digit of (n - 10 - -6) + (-1 - 2)?
4
Let a(f) = 15*f + 26. Let k be a(-10). Let j = k - -933. What is the tens digit of j?
0
Let y = 102 + -100. Suppose 2*d - 3*j - 192 = -y*j, -d = 2*j - 101. Suppose -8*k - p = -4*k - d, 2*k + 2*p = 56. What is the tens digit of k?
2
Let g(d) = 2*d**2 + 23*d + 480. What is the tens digit of g(-56)?
6
Suppose 0 = 564*i - 221*i - 12255047. What is the units digit of i?
9
Let t(y) = 13*y**2 + 49*y - 55. What is the units digit of t(-9)?
7
Let g = 2044 - -2211. What is the tens digit of g?
5
Let i = 3103 + 3594. What is the hundreds digit of i?
6
Let d = -5208 + 12784. What is the hundreds digit of d?
5
Suppose 4*g - a + 6*a = 57602, 5*g - 5*a = 72025. What is the units digit of g?
3
What is the units digit of (7/(-21))/(3/21 - (-105505)/(-738486))?
6
Let r(v) = 4*v - 6. Let n(s) = s**3 + 11*s**2 + 13*s + 23. Let d be n(-10). Let x = d - -12. What is the tens digit of r(x)?
1
Suppose 3986*g - 46578 = 3983*g. What is the hundreds digit of g?
5
Let n = 14163 + -3595. What is the units digit of n?
8
Let w(b) = -b**2 - 48*b - 47. Let i be w(-47). Let s(c) = 8*c + 476. What is the hundreds digit of s(i)?
4
Let v be (-6)/2 - (0 - (9 + -6)). What is the tens digit of -3 - (v/27 - (1 - -137))?
3
Let r be 3003/(-7) - 8/(-2). Let l = r - -730. What is the units digit of l?
5
Suppose -5*z - 2*j = -86, 61*j - 60*j + 61 = 4*z. Suppose -6*d - z*d = -24134. What is the units digit of d?
7
Let j(z) = -43*z - 2. Let i(r) = 82*r + 4. Let l(k) = 3*i(k) + 5*j(k). What is the units digit of l(25)?
7
Let m(a) = -565*a - 315. What is the units digit of m(-16)?
5
Let c(u) = -2*u**3 - 22*u**2 + 39*u - 27. Let n be c(-13). Let f(z) = -4*z**3 + 3*z**2 + 5*z - 4. Let v be f(3). Let r = v + n. What is the tens digit of r?
7
Let x be (-20325)/(-45) - (8/(-6) - -1). Suppose 0 = 2*d + 3*k - 216, 4*d = -6*k + 10*k + x. What is the hundreds digit of d?
1
Let z = -40 - -43. Suppose -z*u - 6 = -5*u. Suppose 5*t - u*t - 342 = -2*p, -510 = -3*t - 2*p. What is the tens digit of t?
6
Let n(b) = 111*b**2 + 79*b - 520. What is the thousands digit of n(9)?
9
Let u(n) = n**2 - 59*n - 105. What is the thousands digit of u(-44)?
4
Let z = 6862 + -3279. What is the hundreds digit of z?
5
Suppose -3*v + 3*t + 0*t + 18 = 0, -3*v - 3*t = 12. Let o be -1*(3 + -7 + 4)/v. Suppose -28 = -d - b - 3*b, o = -d + 4*b + 36. What is the units digit of d?
2
Suppose 3*n + 29 = -5*l - 24, 42 = -2*n - 2*l. Let x = n + 22. What is the tens digit of x/28 + (-1965)/(-35)?
5
Let i be (-3)/4 - (-1064)/224. Suppose 0 = -i*c - 5*y + 1217, y + 1 = 2. What is the tens digit of c?
0
Let i(r) = 10*r**2 + 40*r + 71. Suppose 0 = -34*n + 27*n - 224. Let a be i(n). What is the hundreds digit of (-1)/(-6) + a/66?
1
Let z(i) = -1418*i + 181. What is the tens digit of z(-4)?
5
Let y = -16558 - -33129. What is the units digit of y?
1
Suppose 0 = 6*x + 703 + 1421. Let m = x + 827. What is the hundreds digit of m?
4
Let o be 1 - ((0 - 0) + -3). Suppose o*i - 162 = 110. Suppose 4*r + i - 196 = 0. What is the tens digit of r?
3
Let s = 278 - -717. Let x = s - 319. What is the hundreds digit of x?
6
Let c be (-1 + 0)/(5/30). Let g = c - -18. Suppose 875 = g*v - 5*v. What is the hundreds digit of v?
1
Let x be (-31)/93 + 188/6. Suppose 3*h - x + 3254 = 5*n, 3*h + 2576 = 4*n. What is the tens digit of n?
4
Let k(t) be the second derivative of 2*t**5/5 - 13*t**4/12 + 4*t**3/3 - 27*t**2/2 - 10*t. What is the units digit of k(5)?
8
Let h(l) = 4*l + 4. Let b be h(2). Suppose 10*y = b*y - 18. What is the units digit of 170/6 - 3/y?
8
Let o = -14694 - -38023. What is the tens digit of o?
2
Suppose -l + 8*n = 3*n - 79, -5*n + 143 = 2*l. Suppose -a = -l + 30. Let c = -16 + a. What is the tens digit of c?
2
Suppose -14*q - s = -9*q - 45548, 4*q - 11*s - 36462 = 0. What is the units digit of q?
0
Suppose -13 = -4*c - z, 2*c + 3*z - z - 14 = 0. Let k be (-38)/(-133) + c/(-7). Suppose k = 7*o - 534 - 1293. What is the hundreds digit of o?
2
What is the hundreds digi